{"id":137,"date":"2023-11-02T02:04:27","date_gmt":"2023-11-02T02:04:27","guid":{"rendered":"https:\/\/mind-harmony.ch\/?page_id=137"},"modified":"2023-11-10T20:23:36","modified_gmt":"2023-11-10T20:23:36","slug":"datenschutzerklaerung","status":"publish","type":"page","link":"https:\/\/mind-harmony.ch\/?page_id=137","title":{"rendered":"Datenschutzerkl\u00e4rung"},"content":{"rendered":"\n<p class=\"has-black-color has-text-color has-link-color wp-elements-58e3330c6571faa6b51345c9da52b270\" style=\"padding-right:var(--wp--preset--spacing--50);padding-left:var(--wp--preset--spacing--50)\"><br><strong>Allgemeines \/ Einleitung<\/strong><br>Gest\u00fctzt auf Artikel 13 der Schweizerischen Bundesverfassung und die datenschutzrechtlichen Bestimmungen des Bundes (Datenschutzgesetz, DSG) hat jede Person Anspruch auf Schutz ihrer Privatsph\u00e4re sowie auf Schutz vor Missbrauch ihrer pers\u00f6nlichen Daten. Die Betreiber dieser Seiten nehmen den Schutz Ihrer pers\u00f6nlichen Daten sehr ernst. Wir behandeln Ihre personenbezogenen Daten vertraulich und entsprechend der gesetzlichen Datenschutzvorschriften sowie dieser Datenschutzerkl\u00e4rung.<br><br>In Zusammenarbeit mit unseren Hosting-Providern bem\u00fchen wir uns, die Datenbanken so gut wie m\u00f6glich vor unberechtigtem Zugriff, Verlust, Missbrauch oder Verf\u00e4lschung zu sch\u00fctzen.<br><br>Wir weisen darauf hin, dass die Daten\u00fcbertragung im Internet (z.B. bei der Kommunikation per E-Mail) Sicherheitsl\u00fccken aufweisen kann. Ein l\u00fcckenloser Schutz der Daten vor dem Zugriff durch Dritte ist nicht m\u00f6glich.<br><br>Durch die Nutzung dieser Website erkl\u00e4ren Sie sich mit der Erhebung, Verarbeitung und Nutzung von Daten gem\u00e4ss der nachfolgenden Beschreibung einverstanden. Diese Website kann grunds\u00e4tzlich ohne Registrierung besucht werden. Daten wie aufgerufene Seiten oder Namen von aufgerufenen Dateien, Datum und Uhrzeit werden zu statistischen Zwecken auf dem Server gespeichert, ohne dass diese Daten unmittelbar auf Ihre Person bezogen werden. Soweit auf unseren Seiten personenbezogene Daten (beispielsweise Name, Anschrift oder eMail-Adressen) erhoben werden, erfolgt dies, soweit m\u00f6glich, stets auf freiwilliger Basis. Diese Daten werden ohne Ihre ausdr\u00fcckliche Zustimmung nicht an Dritte weitergegeben.<br><br><strong>Cookies<\/strong><br>Diese Website verwendet Cookies. Dabei handelt es sich um kleine Textdateien, die es erm\u00f6glichen, spezifische, auf den Nutzer bezogene Informationen auf dem Endger\u00e4t des Nutzers zu speichern, w\u00e4hrend der Nutzer die Website nutzt. Cookies erm\u00f6glichen es insbesondere, die Nutzungsh\u00e4ufigkeit und die Anzahl der Nutzer der Seiten zu ermitteln, Verhaltensmuster der Seitennutzung zu analysieren, aber auch, unser Angebot kundenfreundlicher zu gestalten. Cookies bleiben \u00fcber das Ende einer Browser-Sitzung hinaus gespeichert und k\u00f6nnen bei einem erneuten Besuch der Seite wieder abgerufen werden. Wenn Sie dies nicht w\u00fcnschen, sollten Sie Ihren Internet-Browser so einstellen, dass er die Annahme von Cookies verweigert.<br><br>Ein genereller Widerspruch gegen die Verwendung von Cookies zu Online-Marketing-Zwecken kann f\u00fcr eine Vielzahl der Dienste, insbesondere beim Tracking, \u00fcber die US-Seite http:\/\/www.aboutads.info\/choices\/ oder die EU-Seite http:\/\/www.youronlinechoices.com\/ erkl\u00e4rt werden. Dar\u00fcber hinaus kann die Speicherung von Cookies durch Deaktivierung in den Browsereinstellungen erreicht werden. Bitte beachten Sie, dass in diesem Fall nicht alle Funktionen dieses Online-Angebots genutzt werden k\u00f6nnen.<br><br><strong>Mit SSL\/TLS-Verschl\u00fcsselung<\/strong><br>Diese Website verwendet aus Sicherheitsgr\u00fcnden und zum Schutz der \u00dcbertragung vertraulicher Inhalte, wie z.B. Anfragen, die Sie an uns als Seitenbetreiber senden, eine SSL\/TLS-Verschl\u00fcsselung. Eine verschl\u00fcsselte Verbindung erkennen Sie daran, dass die Adresszeile des Browsers von &#8222;http:\/\/&#8220; auf &#8222;https:\/\/&#8220; wechselt und an dem Schloss-Symbol in Ihrer Browserzeile.<br><br>Wenn die SSL- oder TLS-Verschl\u00fcsselung aktiviert ist, k\u00f6nnen die Daten, die Sie an uns \u00fcbermitteln, nicht von Dritten gelesen werden.<br><br><strong>Server-Log-Dateien<\/strong><br>Der Provider dieser Website erhebt und speichert automatisch Informationen in so genannten Server-Log-Dateien, die Ihr Browser automatisch an uns \u00fcbermittelt. Dies sind:<br>Browsertyp und Browserversion<br>Verwendetes Betriebssystem<br>Referrer URL<br>Hostname des zugreifenden Rechners<br>Zeitpunkt der Serveranfrage<br><br>Diese Daten sind nicht bestimmten Personen zuordenbar. Eine Zusammenf\u00fchrung dieser Daten mit anderen Datenquellen wird nicht vorgenommen. Wir behalten uns vor, diese Daten nachtr\u00e4glich zu pr\u00fcfen, wenn uns konkrete Anhaltspunkte f\u00fcr eine rechtswidrige Nutzung bekannt werden.<br><br><strong>Dienste von Drittanbietern<\/strong><br>Diese Website kann Google Maps zur Einbettung von Karten, Google Invisible reCAPTCHA zum Schutz vor Bots und Spam und YouTube zur Einbettung von Videos nutzen.<br><br>Diese Dienste der amerikanischen Google LLC verwenden u.a. Cookies, wodurch Daten an Google in die USA \u00fcbertragen werden, wobei wir davon ausgehen, dass in diesem Zusammenhang allein durch die Nutzung unserer Website kein personenbezogenes Tracking stattfindet. <br><br>Google hat sich verpflichtet, einen angemessenen Datenschutz gem\u00e4ss dem US-amerikanisch-europ\u00e4ischen und dem US-amerikanisch-schweizerischen Privacy Shield zu gew\u00e4hrleisten.<br><br>Weitere Informationen finden Sie in den Datenschutzbestimmungen von Google.<br><br><strong>Rechte der betroffenen Person<\/strong><br>Recht auf Best\u00e4tigung<br>Jede betroffene Person hat das Recht, vom Betreiber der Website eine Best\u00e4tigung dar\u00fcber zu verlangen, ob sie betreffende personenbezogene Daten verarbeitet werden. Wenn Sie dieses Best\u00e4tigungsrecht aus\u00fcben m\u00f6chten, k\u00f6nnen Sie sich jederzeit an den Datenschutzbeauftragten wenden.<br><br>Auskunftsrecht<br>Jede von der Verarbeitung personenbezogener Daten betroffene Person hat das Recht, vom Betreiber dieser Website jederzeit unentgeltlich Auskunft \u00fcber die zu ihrer Person gespeicherten Daten und eine Kopie dieser Auskunft zu erhalten. Dar\u00fcber hinaus kann ggf. Auskunft \u00fcber Folgendes erteilt werden: <br>Zwecke der Verarbeitung<br>Kategorien der verarbeiteten personenbezogenen Daten<br>Empf\u00e4nger, an die die personenbezogenen Daten weitergegeben wurden oder werden<br>wenn m\u00f6glich, die geplante Dauer der Speicherung der personenbezogenen Daten oder, falls dies nicht m\u00f6glich ist, die Kriterien f\u00fcr die Festlegung dieser Dauer<br>das Bestehen eines Rechts auf Berichtigung oder L\u00f6schung der sie betreffenden personenbezogenen Daten oder auf Einschr\u00e4nkung der Verarbeitung durch den f\u00fcr die Verarbeitung Verantwortlichen oder ein Recht auf Widerspruch gegen eine solche Verarbeitung<br>das Bestehen eines Beschwerderechts bei einer Aufsichtsbeh\u00f6rde <br>wenn die personenbezogenen Daten nicht bei der betroffenen Person erhoben werden: Alle verf\u00fcgbaren Informationen \u00fcber die Herkunft der Daten.<br>Ausserdem hat die betroffene Person das Recht, dar\u00fcber informiert zu werden, ob personenbezogene Daten in ein Drittland oder an eine internationale Organisation \u00fcbermittelt worden sind. Ist dies der Fall, so hat die betroffene Person ausserdem das Recht, Auskunft \u00fcber die geeigneten Garantien im Zusammenhang mit der \u00dcbermittlung zu erhalten.<br> Wenn Sie von diesem Auskunftsrecht Gebrauch machen m\u00f6chten, k\u00f6nnen Sie sich jederzeit an unseren Datenschutzbeauftragten wenden.<br><br>Recht auf Berichtigung<br>Jede von der Verarbeitung personenbezogener Daten betroffene Person hat das Recht, die unverz\u00fcgliche Berichtigung sie betreffender unrichtiger personenbezogener Daten zu verlangen. Dar\u00fcber hinaus hat die betroffene Person das Recht, unter Ber\u00fccksichtigung der Zwecke der Verarbeitung, die Vervollst\u00e4ndigung unvollst\u00e4ndiger personenbezogener Daten &#8211; auch mittels einer erg\u00e4nzenden Erkl\u00e4rung &#8211; zu verlangen.<br>Wenn Sie dieses Recht auf Berichtigung aus\u00fcben m\u00f6chten, k\u00f6nnen Sie sich jederzeit an unseren Datenschutzbeauftragten wenden. <br><br>Recht auf L\u00f6schung (Recht auf Vergessenwerden)<br>Jede von der Verarbeitung personenbezogener Daten betroffene Person hat das Recht, von dem f\u00fcr die Verarbeitung Verantwortlichen dieser Website die unverz\u00fcgliche L\u00f6schung der sie betreffenden personenbezogenen Daten zu verlangen, sofern einer der folgenden Gr\u00fcnde zutrifft und die Verarbeitung nicht mehr erforderlich ist:<br>Die personenbezogenen Daten wurden f\u00fcr Zwecke erhoben oder auf sonstige Weise verarbeitet, f\u00fcr die sie nicht mehr erforderlich sind. <br>Die betroffene Person widerruft die Einwilligung, auf der die Verarbeitung beruhte, und es gibt keine andere Rechtsgrundlage f\u00fcr die Verarbeitung<br>Die betroffene Person legt aus Gr\u00fcnden, die sich aus ihrer besonderen Situation ergeben, Widerspruch gegen die Verarbeitung ein, und es liegen keine vorrangigen berechtigten Gr\u00fcnde f\u00fcr die Verarbeitung vor, oder die betroffene Person legt im Falle von Direktwerbung und damit verbundenem Profiling Widerspruch gegen die Verarbeitung ein<br>Die personenbezogenen Daten wurden unrechtm\u00e4ssig verarbeitet<br>Die L\u00f6schung der personenbezogenen Daten ist zur Erf\u00fcllung einer rechtlichen Verpflichtung nach dem Unionsrecht oder dem Recht der Mitgliedstaaten erforderlich, dem der f\u00fcr die Verarbeitung Verantwortliche unterliegt<br>Die personenbezogenen Daten wurden in Bezug auf angebotene Dienste der Informationsgesellschaft erhoben, die direkt an ein Kind gerichtet sind<br>Wenn einer der oben genannten Gr\u00fcnde zutrifft und Sie die L\u00f6schung von personenbezogenen Daten, die beim Betreiber dieser Website gespeichert sind, veranlassen m\u00f6chten, k\u00f6nnen Sie sich jederzeit an unseren Datenschutzbeauftragten wenden. Der Datenschutzbeauftragte dieser Website wird veranlassen, dass dem L\u00f6schverlangen unverz\u00fcglich nachgekommen wird. <br><br>Recht auf Einschr\u00e4nkung der Verarbeitung<br>Jede von der Verarbeitung personenbezogener Daten betroffene Person hat das Recht, von dem f\u00fcr die Verarbeitung Verantwortlichen dieser Website die Einschr\u00e4nkung der Verarbeitung zu verlangen, wenn eine der folgenden Bedingungen erf\u00fcllt ist: <br>Die Richtigkeit der personenbezogenen Daten wird von der betroffenen Person bestritten, und zwar f\u00fcr einen Zeitraum, der es dem f\u00fcr die Verarbeitung Verantwortlichen erm\u00f6glicht, die Richtigkeit der personenbezogenen Daten zu \u00fcberpr\u00fcfen<br>Die Verarbeitung ist unrechtm\u00e4ssig, die betroffene Person legt Widerspruch gegen die L\u00f6schung der personenbezogenen Daten ein und verlangt stattdessen die Einschr\u00e4nkung der Nutzung der personenbezogenen Daten<br>Der f\u00fcr die Verarbeitung Verantwortliche ben\u00f6tigt die personenbezogenen Daten nicht mehr f\u00fcr die Zwecke der Verarbeitung, die betroffene Person ben\u00f6tigt sie jedoch f\u00fcr die Geltendmachung, Die betroffene Person hat aus Gr\u00fcnden, die sich aus ihrer besonderen Situation ergeben, Widerspruch gegen die Verarbeitung eingelegt, und es steht noch nicht fest, ob die berechtigten Interessen des Verantwortlichen gegen\u00fcber denen der betroffenen Person \u00fcberwiegen<br> Wenn eine der vorgenannten Voraussetzungen gegeben ist, k\u00f6nnen Sie sich jederzeit an unseren Datenschutzbeauftragten wenden, um die Einschr\u00e4nkung der Verarbeitung personenbezogener Daten beim Betreiber dieser Website zu verlangen.  Der Datenschutzbeauftragte dieser Website wird die Einschr\u00e4nkung der Verarbeitung veranlassen.<br><br>Recht auf Daten\u00fcbertragbarkeit<br>Jede von der Verarbeitung personenbezogener Daten betroffene Person hat das Recht, die sie betreffenden personenbezogenen Daten in einem strukturierten, g\u00e4ngigen und maschinenlesbaren Format zu erhalten. Dar\u00fcber hinaus hat die betroffene Person das Recht, zu erwirken, dass die personenbezogenen Daten direkt von einem f\u00fcr die Verarbeitung Verantwortlichen an einen anderen f\u00fcr die Verarbeitung Verantwortlichen \u00fcbermittelt werden, sofern dies technisch machbar ist und sofern dadurch nicht die Rechte und Freiheiten anderer Personen beeintr\u00e4chtigt werden. <br>Um das Recht auf Daten\u00fcbertragbarkeit geltend zu machen, k\u00f6nnen Sie sich jederzeit an den vom Betreiber dieser Website benannten Datenschutzbeauftragten wenden.<br>Ein Widerspruchsrecht<br>Jede von der Verarbeitung personenbezogener Daten betroffene Person hat das Recht, aus Gr\u00fcnden, die sich aus ihrer besonderen Situation ergeben, jederzeit gegen die Verarbeitung sie betreffender personenbezogener Daten Widerspruch einzulegen. <br>Der Betreiber dieser Website wird die personenbezogenen Daten im Falle des Widerspruchs nicht mehr verarbeiten, es sei denn, wir k\u00f6nnen zwingende schutzw\u00fcrdige Gr\u00fcnde f\u00fcr die Verarbeitung nachweisen, die die Interessen, Rechte und Freiheiten der betroffenen Person \u00fcberwiegen, oder die Verarbeitung dient der Geltendmachung, Aus\u00fcbung oder Verteidigung von Rechtsanspr\u00fcchen. <br>Um von Ihrem Widerspruchsrecht Gebrauch zu machen, k\u00f6nnen Sie sich direkt an den Datenschutzbeauftragten dieser Website wenden.<br>Recht auf Widerruf einer datenschutzrechtlichen Einwilligung<br>Jede von der Verarbeitung personenbezogener Daten betroffene Person hat das Recht, eine erteilte Einwilligung in die Verarbeitung personenbezogener Daten jederzeit zu widerrufen.<br>Wenn Sie von Ihrem Recht auf Widerruf einer Einwilligung Gebrauch machen m\u00f6chten, k\u00f6nnen Sie sich jederzeit an unseren Datenschutzbeauftragten wenden.<br><br><strong>Urheberrechte<\/strong><br>Das Urheberrecht und alle anderen Rechte an den Inhalten, Bildern, Fotos oder sonstigen Dateien auf der Website geh\u00f6ren ausschliesslich dem Betreiber dieser Website oder den namentlich genannten Rechteinhabern. F\u00fcr die Vervielf\u00e4ltigung s\u00e4mtlicher Dateien muss vorab die schriftliche Zustimmung der Urheberrechtsinhaber eingeholt werden.<br>Wer ohne Zustimmung der jeweiligen Urheberrechtsinhaber eine Urheberrechtsverletzung begeht, kann sich strafbar machen und unter Umst\u00e4nden Schadenersatzanspr\u00fcche geltend machen.<br><br><strong>Haftungsausschluss<\/strong><br>Alle Angaben auf unserer Website wurden sorgf\u00e4ltig gepr\u00fcft. Wir sind bem\u00fcht, daf\u00fcr Sorge zu tragen, dass die von uns bereitgestellten Informationen aktuell, richtig und vollst\u00e4ndig sind. Dennoch ist das Auftreten von Fehlern nicht v\u00f6llig auszuschliessen, so dass wir f\u00fcr die Vollst\u00e4ndigkeit, Richtigkeit und Aktualit\u00e4t der Informationen, auch journalistisch-redaktioneller Art, keine Gew\u00e4hr \u00fcbernehmen k\u00f6nnen. Haftungsanspr\u00fcche, die sich auf Sch\u00e4den materieller oder ideeller Art beziehen, welche durch die Nutzung oder Nichtnutzung der dargebotenen Informationen bzw. durch die Nutzung fehlerhafter und unvollst\u00e4ndiger Informationen verursacht wurden, sind grunds\u00e4tzlich ausgeschlossen.<br>Der Herausgeber kann Texte nach eigenem Ermessen und ohne vorherige Ank\u00fcndigung \u00e4ndern oder l\u00f6schen und ist nicht dazu verpflichtet, die Inhalte dieser Website zu aktualisieren. Die Nutzung dieser Website bzw. der Zugang zu ihr erfolgt auf eigenes Risiko des Besuchers. Der Herausgeber, seine Kunden oder Partner sind nicht verantwortlich f\u00fcr Sch\u00e4den, wie z.B. direkte, indirekte, zuf\u00e4llige oder Folgesch\u00e4den, die angeblich durch den Besuch dieser Website verursacht wurden und \u00fcbernehmen folglich keine Haftung f\u00fcr solche Sch\u00e4den.<br>Der Herausgeber \u00fcbernimmt auch keine Verantwortung oder Haftung f\u00fcr den Inhalt und die Verf\u00fcgbarkeit von Websites Dritter, die \u00fcber externe Links von dieser Website aus erreicht werden k\u00f6nnen. F\u00fcr den Inhalt der verlinkten Seiten sind ausschliesslich deren Betreiber verantwortlich. Der Herausgeber distanziert sich daher ausdr\u00fccklich von allen fremden Inhalten, die m\u00f6glicherweise straf- oder haftungsrechtlich relevant sind oder gegen die guten Sitten verstossen.<br><br><strong>Facebook<\/strong><br>Diese Website nutzt Funktionen der Facebook Inc, 1601 S. California Ave, Palo Alto, CA 94304, USA . Wenn Sie unsere Seiten mit Facebook-Plugins aufrufen, wird eine Verbindung zwischen Ihrem Browser und den Facebook-Servern hergestellt. Dabei werden bereits Daten an Facebook \u00fcbermittelt. Wenn Sie ein Facebook-Konto besitzen, k\u00f6nnen diese Daten mit diesem verkn\u00fcpft werden. Wenn Sie nicht m\u00f6chten, dass diese Daten mit Ihrem Facebook-Konto verkn\u00fcpft werden, loggen Sie sich bitte vor dem Besuch unserer Seite bei Facebook aus. Interaktionen, insbesondere die Nutzung einer Kommentarfunktion oder das Anklicken eines &#8222;Gef\u00e4llt mir&#8220;- oder &#8222;Teilen&#8220;-Buttons, werden ebenfalls an Facebook weitergeleitet. Mehr dazu erfahren Sie unter https:\/\/de-de.facebook.com\/about\/privacy.<br><br><strong>Twitter<\/strong><br>Diese Website nutzt Funktionen der Twitter, Inc. 1355 Market St, Suite 900, San Francisco, CA 94103, USA. Wenn Sie unsere Seiten mit Twitter-Plug-Ins aufrufen, wird eine Verbindung zwischen Ihrem Browser und den Servern von Twitter hergestellt. Dabei werden bereits Daten an Twitter \u00fcbertragen. Wenn Sie ein Twitter-Konto besitzen, k\u00f6nnen diese Daten mit diesem verkn\u00fcpft werden. Wenn Sie nicht m\u00f6chten, dass diese Daten mit Ihrem Twitter-Account verkn\u00fcpft werden, loggen Sie sich bitte vor dem Besuch unserer Seite bei Twitter aus. Interaktionen, insbesondere das Anklicken einer &#8222;Re-Tweet&#8220;-Schaltfl\u00e4che, werden ebenfalls an Twitter weitergeleitet. Mehr dazu erfahren Sie unter https:\/\/twitter.com\/privacy.<br><br><strong>Instagram<\/strong><br>Auf unserer Website sind Funktionen des Dienstes Instagram eingebunden. Diese Funktionen werden angeboten durch die Instagram Inc., 1601 Willow Road, Menlo Park, CA, 94025, USA. Wenn Sie in Ihrem Instagram-Account eingeloggt sind, k\u00f6nnen Sie die Inhalte unserer Seiten auf Ihrem Instagram-Profil verlinken, indem Sie den Instagram-Button anklicken. Dadurch kann Instagram den Besuch unserer Seiten Ihrem Benutzerkonto zuordnen. Wir weisen darauf hin, dass wir als Anbieter der Seiten keine Kenntnis vom Inhalt der \u00fcbermittelten Daten sowie deren Nutzung durch Instagram erhalten. Weitere Informationen finden Sie in den Datenschutzbestimmungen von Instagram: http:\/\/instagram.com\/about\/legal\/privacy\/<br><br><strong>LinkedIn<\/strong><br>Wir nutzen innerhalb unseres Onlineangebotes die Marketingdienste des sozialen Netzwerkes LinkedIn der LinkedIn Ireland Unlimited Company, Wilton Plaza, Wilton Place, Dublin 2, Irland (&#8222;LinkedIn&#8220;).<br>Diese verwenden Cookies, also Textdateien, die auf Ihrem Computer gespeichert werden. Dies erm\u00f6glicht es uns, Ihre Nutzung der Website zu analysieren. So k\u00f6nnen wir z.B. den Erfolg unserer Werbung messen und den Nutzern Produkte anzeigen, f\u00fcr die sie sich zuvor interessiert haben.<br>So werden z.B. Informationen \u00fcber das Betriebssystem, den Browser, die zuvor besuchte Webseite (Referrer URL), die besuchten Webseiten, die angeklickten Angebote sowie das Datum und die Uhrzeit Ihres Besuchs auf unserer Webseite erhoben.<br>Die durch den Cookie erzeugten Informationen \u00fcber Ihre Benutzung dieser Webseite werden in pseudonymer Form an einen Server von LinkedIn in den USA \u00fcbertragen und dort gespeichert. LinkedIn speichert also nicht den Namen oder die E-Mail-Adresse des jeweiligen Nutzers. Vielmehr werden die vorgenannten Daten nur der Person zugeordnet, f\u00fcr die das Cookie erzeugt wurde. Dies gilt nicht, wenn der Nutzer LinkedIn die Verarbeitung ohne Pseudonymisierung erlaubt hat oder \u00fcber ein LinkedIn-Konto verf\u00fcgt.<br>Sie k\u00f6nnen die Verwendung von Cookies durch eine entsprechende Einstellung Ihres Browsers ablehnen, beachten Sie aber bitte, dass Sie dann m\u00f6glicherweise nicht alle Funktionen dieser Website nutzen k\u00f6nnen. Sie k\u00f6nnen der Nutzung Ihrer Daten auch direkt bei LinkedIn widersprechen: https:\/\/www.linkedin.com\/psettings\/guest-controls\/retargeting-opt-out.<br>Wir verwenden LinkedIn Analytics, um die Nutzung unserer Website zu analysieren und regelm\u00e4ssig zu verbessern. Die gewonnenen Statistiken erm\u00f6glichen es uns, unser Angebot zu verbessern und es f\u00fcr Sie als Nutzer interessanter zu gestalten. Alle LinkedIn-Unternehmen haben die Standardvertragsklauseln \u00fcbernommen, um sicherzustellen, dass der Datenverkehr in die USA und nach Singapur, der f\u00fcr die Entwicklung, Implementierung und Wartung der Dienste erforderlich ist, auf rechtm\u00e4ssige Weise erfolgt. Wenn wir Nutzer um eine Einwilligung bitten, ist die Rechtsgrundlage f\u00fcr die Verarbeitung Art. 6 (1) lit. a DSGVO. Ansonsten ist die Rechtsgrundlage f\u00fcr den Einsatz von LinkedIn Analytics Art. 6 Abs.. 1 S. 1 lit. f DSGVO.<br>Die Informationen des Drittanbieters: LinkedIn Ireland Unlimited Company Wilton Place, Dublin 2 Irland; Nutzungsvereinbarung und Datenschutzrichtlinie.<br><br><strong>Daten\u00fcbermittlung in die USA<\/strong><br>Auf unserer Website sind u.a. Tools von Unternehmen mit Sitz in den USA eingebunden. Wenn diese Tools aktiv sind, k\u00f6nnen Ihre personenbezogenen Daten an die US-Server der jeweiligen Unternehmen \u00fcbertragen werden. Wir weisen darauf hin, dass die USA kein sicherer Drittstaat im Sinne des EU-Datenschutzrechts sind. US-Unternehmen sind verpflichtet, personenbezogene Daten an Sicherheitsbeh\u00f6rden herauszugeben, ohne dass Sie als Betroffener dagegen rechtlich vorgehen k\u00f6nnen. Es kann daher nicht ausgeschlossen werden, dass US-Beh\u00f6rden (z.B. Geheimdienste) Ihre auf US-Servern befindlichen Daten zu \u00dcberwachungszwecken verarbeiten, auswerten und dauerhaft speichern. Auf diese Verarbeitungsvorg\u00e4nge haben wir keinen Einfluss.<br><br><strong>\u00c4nderungen<\/strong><br>Wir k\u00f6nnen diese Datenschutzrichtlinie jederzeit ohne vorherige Ank\u00fcndigung \u00e4ndern. Es gilt die jeweils aktuelle, auf unserer Website ver\u00f6ffentlichte Fassung. Soweit die Datenschutzerkl\u00e4rung Teil einer Vereinbarung mit Ihnen ist, werden wir Sie im Falle einer Aktualisierung per E-Mail oder auf andere geeignete Weise \u00fcber die \u00c4nderung informieren.<br><br><strong>Haftungsausschluss<\/strong><br>Der Autor \u00fcbernimmt keine Gew\u00e4hr f\u00fcr die Richtigkeit, Genauigkeit, Aktualit\u00e4t, Zuverl\u00e4ssigkeit und Vollst\u00e4ndigkeit der Informationen.<br>Haftungsanspr\u00fcche gegen den Autor wegen Sch\u00e4den materieller oder immaterieller Art, die aus dem Zugriff oder der Nutzung bzw. Nichtnutzung der ver\u00f6ffentlichten Informationen, durch Missbrauch der Verbindung oder durch technische St\u00f6rungen entstanden sind, werden ausgeschlossen.<br><br>Alle Angebote sind freibleibend. Der Autor beh\u00e4lt es sich ausdr\u00fccklich vor, Teile der Seiten oder das gesamte Angebot ohne gesonderte Ank\u00fcndigung zu ver\u00e4ndern, zu erg\u00e4nzen, zu l\u00f6schen oder die Ver\u00f6ffentlichung zeitweise oder endg\u00fcltig einzustellen.<br><br><strong>Quelle<\/strong>: <a style=\"color:inherit;text-decoration:none;\" href=\"https:\/\/brainbox.swiss\/\">BrainBox Solutions<\/a><\/p>\n","protected":false},"excerpt":{"rendered":"<p>Allgemeines \/ EinleitungGest\u00fctzt auf Artikel 13 der Schweizerischen Bundesverfassung und die datenschutzrechtlichen Bestimmungen des Bundes (Datenschutzgesetz, DSG) hat jede Person Anspruch auf Schutz ihrer Privatsph\u00e4re sowie auf Schutz vor Missbrauch ihrer pers\u00f6nlichen Daten. Die Betreiber dieser Seiten nehmen den Schutz Ihrer pers\u00f6nlichen Daten sehr ernst. Wir behandeln Ihre personenbezogenen Daten vertraulich und entsprechend der gesetzlichen Datenschutzvorschriften sowie dieser Datenschutzerkl\u00e4rung. In Zusammenarbeit mit unseren Hosting-Providern bem\u00fchen wir uns, die Datenbanken so gut wie m\u00f6glich vor unberechtigtem Zugriff, Verlust, Missbrauch oder Verf\u00e4lschung zu sch\u00fctzen. Wir weisen darauf hin, dass die Daten\u00fcbertragung im Internet (z.B. bei der Kommunikation per E-Mail) Sicherheitsl\u00fccken aufweisen kann.<\/p>\n","protected":false},"author":1,"featured_media":0,"parent":0,"menu_order":0,"comment_status":"closed","ping_status":"closed","template":"","meta":{"footnotes":""},"class_list":["post-137","page","type-page","status-publish","hentry"],"_links":{"self":[{"href":"https:\/\/mind-harmony.ch\/index.php?rest_route=\/wp\/v2\/pages\/137","targetHints":{"allow":["GET"]}}],"collection":[{"href":"https:\/\/mind-harmony.ch\/index.php?rest_route=\/wp\/v2\/pages"}],"about":[{"href":"https:\/\/mind-harmony.ch\/index.php?rest_route=\/wp\/v2\/types\/page"}],"author":[{"embeddable":true,"href":"https:\/\/mind-harmony.ch\/index.php?rest_route=\/wp\/v2\/users\/1"}],"replies":[{"embeddable":true,"href":"https:\/\/mind-harmony.ch\/index.php?rest_route=%2Fwp%2Fv2%2Fcomments&post=137"}],"version-history":[{"count":5,"href":"https:\/\/mind-harmony.ch\/index.php?rest_route=\/wp\/v2\/pages\/137\/revisions"}],"predecessor-version":[{"id":344,"href":"https:\/\/mind-harmony.ch\/index.php?rest_route=\/wp\/v2\/pages\/137\/revisions\/344"}],"wp:attachment":[{"href":"https:\/\/mind-harmony.ch\/index.php?rest_route=%2Fwp%2Fv2%2Fmedia&parent=137"}],"curies":[{"name":"wp","href":"https:\/\/api.w.org\/{rel}","templated":true}]}}